8. Determine c(-19).
17
Let v(z) = -200270*z + 1602135. Calculate v(8).
-25
Let k(h) = 3*h**2 - 2227*h - 13475. Calculate k(-6).
-5
Let u(f) = -813*f - 10674. What is u(-13)?
-105
Let u(t) = 13084*t - 65442. What is u(5)?
-22
Let r(z) = -4*z**2 + 559*z - 6712. Determine r(13).
-121
Let k(d) = -d**3 - 479*d**2 + 2192*d + 359574. What is k(-482)?
2
Let w(g) = 2*g**3 - 88*g**2 + 65*g - 377. Determine w(44).
2483
Let y(c) = 5326*c + 9707. Give y(-2).
-945
Let m(r) = -584*r - 18372. What is m(-37)?
3236
Let h(l) = -50*l - 2134. Calculate h(-44).
66
Let q(s) = 15*s - 132. Calculate q(8).
-12
Let s(x) = -13*x**2 - 455*x - 2834. What is s(-28)?
-286
Let o(i) = -i**2 + 4279*i + 34286. Calculate o(-8).
-10
Let k(u) = 134*u**3 + 807*u**2 + 3*u - 93. Determine k(-6).
-3
Let f(b) = -b**3 + 190*b**2 - 3402*b + 733. Calculate f(170).
393
Let m(z) = -247*z - 59687. What is m(-241)?
-160
Let s(j) = 2*j**3 - 14*j**2 + 752*j - 7699. Determine s(10).
421
Let k(u) = -3*u**2 + 2203*u - 400584. Calculate k(403).
-2
Let g(q) = -186*q**2 - 541*q + 33. What is g(-6)?
-3417
Let m(w) = 2*w**3 - 78*w**2 + 173*w - 3602. Give m(38).
84
Let q(j) = -j**3 + 61*j**2 - 188*j + 11468. Calculate q(61).
0
Let p(h) = 1293*h - 4415. Calculate p(4).
757
Let v(x) = x**3 + 27*x**2 - 69*x - 69. Calculate v(-29).
250
Let x(f) = -226*f + 21608. Calculate x(93).
590
Let c(f) = 7*f**2 + 2317*f + 9327. Give c(-4).
171
Let k(o) = -85*o**2 - 16491*o - 167. What is k(-194)?
27
Let a(r) = r**2 + 4129*r + 207971. Give a(-51).
-7
Let x(m) = -551*m + 240197. Determine x(436).
-39
Let w(r) = -r**3 - 48*r**2 + 1010*r + 15. Give w(15).
990
Let f(l) = l**3 + 35*l**2 - 175*l - 858. What is f(-39)?
-117
Let d(b) = b**2 + 13989*b + 641383. Give d(-46).
5
Let k(s) = 1290*s - 18005. Calculate k(14).
55
Let w(d) = -165776*d - 828888. Give w(-5).
-8
Let g(r) = -10*r**2 - 1609*r + 19021. Give g(11).
112
Let w(s) = -1789*s**2 - 368534*s - 63. Give w(-206).
-63
Let t(y) = 198*y**2 - 627*y + 184. What is t(4)?
844
Let h(j) = 2*j**3 + 2*j**2 - 7*j + 363. Calculate h(0).
363
Let t(l) = -l**2 + 703*l - 4233. Calculate t(6).
-51
Let n(v) = -45*v**2 - 3098*v + 563. What is n(-69)?
80
Let l(o) = 620*o + 8272. What is l(-13)?
212
Let m(f) = f**2 - 583*f + 28212. What is m(54)?
-354
Let v(m) = -7741*m + 6320. What is v(1)?
-1421
Let z(f) = f**3 - 23*f**2 - 37*f + 823. What is z(23)?
-28
Let n(d) = 393*d + 212217. What is n(-540)?
-3
Let i(l) = 6*l**3 - 38*l**2 + 22*l - 20. What is i(6)?
40
Let i(n) = -2*n**3 - 2*n**2 - 1504*n + 6060. Give i(4).
-116
Let o(v) = 2*v**2 - 138*v - 9880. What is o(112)?
-248
Let d(q) = 30*q**3 - 7*q**2 + 312*q + 1278. Calculate d(-4).
-2002
Let s(o) = o**2 + 1119*o + 224532. Give s(-262).
-2
Let t(r) = 15*r**3 + 6*r**2 - 53*r - 119. Calculate t(-2).
-109
Let q(i) = -2*i**3 + 267*i**2 - 8356*i + 303. What is q(50)?
3
Let v(x) = 11*x**2 - 383*x + 3364. What is v(19)?
58
Let z(i) = 2*i**3 - 4*i**2 - 25*i - 14. What is z(5)?
11
Let n(j) = 8*j**3 + 135*j**2 - 671*j - 10. Give n(4).
-22
Let h(s) = s**2 + 4387*s + 340285. Calculate h(-79).
-47
Let b(m) = -301*m + 545. Determine b(2).
-57
Let u(p) = 18729*p - 618113. What is u(33)?
-56
Let l(s) = -7212*s + 3014618. What is l(418)?
2
Let o(n) = 30*n**3 + 212*n**2 - 12*n + 17. What is o(-6)?
1241
Let s(p) = -1270264*p + 15243176. Give s(12).
8
Let s(n) = 55131*n - 110273. What is s(2)?
-11
Let z(l) = l**3 - 26*l**2 + 117*l - 163. Calculate z(17).
-775
Let g(a) = -3571*a**2 + 441*a + 439. Calculate g(-1).
-3573
Let v(s) = -63*s**2 - 2152*s - 27. Determine v(0).
-27
Let g(z) = z**2 + 13204*z - 410281. Calculate g(31).
4
Let r(o) = 2*o**3 - 17*o**2 + 111*o - 603. Calculate r(13).
2361
Let k(z) = -25*z**2 - 4242*z + 17358. Give k(4).
-10
Let b(v) = 69477*v**2 + 347378*v - 9. Give b(-5).
26
Let h(a) = -2*a**2 - 56012*a - 1063502. Determine h(-19).
4
Let f(k) = -22191*k + 2551954. What is f(115)?
-11
Let j(p) = -2*p**3 + 38*p**2 - 377*p + 6143. Determine j(18).
5
Let r(v) = -3*v**3 - 81*v**2 - 11*v - 202. What is r(-27)?
95
Let x(j) = -11*j**3 + 769*j**2 + 18*j + 3654. Give x(70).
14
Let m(b) = -99041*b + 197770. Give m(2).
-312
Let c(t) = -t**2 + 3*t + 13031. What is c(116)?
-77
Let w(h) = -h**3 + 137*h**2 - 280*h + 1151. Give w(135).
-199
Let i(j) = j**3 + 211*j**2 + 815*j - 1107. Determine i(-207).
1584
Let l(m) = 3*m**3 - 202*m**2 + 429*m + 1586. What is l(65)?
-104
Let q(t) = 19116*t + 210303. Give q(-11).
27
Let m(h) = -h**3 + 14*h**2 + 159*h - 1313. Calculate m(19).
-97
Let z(u) = 58*u**2 - 1435*u - 1993. Give z(26).
-95
Let i(g) = -2*g**3 + 99*g**2 + 134*g - 4011. Give i(50).
189
Let q(w) = 2002*w - 16034. What is q(8)?
-18
Let z(l) = l**2 - 75*l + 1689. Calculate z(49).
415
Let u(f) = -f**3 - 140*f**2 - 403*f + 1170. Calculate u(-137).
74
Let a(b) = -b**3 - 29*b**2 + 249*b + 8902. Calculate a(-24).
46
Let d(s) = s**3 + 58*s**2 - 312*s + 123. Determine d(-63).
-66
Let h(x) = 308*x + 11894. Determine h(-38).
190
Let m(s) = -285*s - 49892. Calculate m(-175).
-17
Let r(g) = g**3 - 53*g**2 - 64*g - 5896. Give r(56).
-72
Let v(l) = l**3 - 87*l**2 + 1319*l + 2478. What is v(22)?
36
Let q(m) = -9222*m + 221334. Calculate q(24).
6
Let s(v) = 6*v**3 + 256*v**2 + 1442*v + 28. Calculate s(-36).
-44
Let w(s) = 6*s**3 + 6*s**2 - 15*s + 20. Determine w(4).
440
Let a(o) = 80*o**2 - 144*o - 86. Calculate a(-1).
138
Let v(q) = q**2 + 38*q - 1387. Give v(-66).
461
Let w(q) = q**3 + 42*q**2 - 189*q - 62. What is w(5)?
168
Let d(g) = -514*g + 74157. Give d(144).
141
Let w(f) = 292*f - 84958. Calculate w(291).
14
Let u(i) = 164*i - 9483. Calculate u(41).
-2759
Let a(l) = -1838833*l - 9194141. Give a(-5).
24
Let r(t) = 4*t**3 - 39*t**2 - 1697*t + 232. Give r(26).
50
Let n(d) = -d**2 + 12*d + 3238. Calculate n(60).
358
Let j(p) = p**3 + 326*p**2 + 2854*p + 680. Give j(-317).
363
Let h(f) = 493*f + 4351. Calculate h(-6).
1393
Let y(z) = -16*z**2 + 1323*z + 146862. Give y(-63).
9
Let t(k) = 5359*k + 5492965. What is t(-1025)?
-10
Let z(o) = 19*o**3 + 4*o**2 - 51902*o - 51903. Calculate z(-1).
-16
Let x(j) = -14*j**2 + 132*j + 1020. Give x(-5).
10
Let z(v) = -468*v**3 + 3*v**2 + 427*v - 848. What is z(2)?
-3726
Let l(b) = -b**3 + 6*b**2 + 16*b - 18. Calculate l(0).
-18
Let j(p) = -2929*p - 389548. Determine j(-133).
9
Let u(y) = -2361*y - 25861. Calculate u(-11).
110
Let w(j) = -j**2 + 1521*j - 428216. What is w(373)?
-12
Let n(a) = 5416252*a + 5416246. Give n(-1).
-6
Let a(j) = 9*j**2 - 48*j + 348. What is a(9)?
645
Let o(m) = -7*m**3 - 325*m**2 - 782*m - 1487. Determine o(-44).
9
Let u(p) = -2550*p + 490. Give u(1).
-2060
Let b(h) = -h**2 - 1519*h + 71931. Determine b(46).
-59
Let g(t) = 36*t**3 - 13*t**2 + 5*t + 39. Give g(2).
285
Let d(i) = -i**2 + 78*i + 744. Give d(95).
-871
Let b(f) = -1436*f + 98876. What is b(69)?
-208
Let j(z) = 497*z**2 - 10552*z + 2409. What is j(21)?
-6
Let l(k) = -5*k**2 - 152*k + 1259. Determine l(8).
-277
Let p(j) = j**2 - 98*j - 35662. Calculate p(-146).
-38
Let g(v) = 363071*v - 1815226. What is g(5)?
129
Let q(n) = 153*n**2 - 1049*n - 1053. Give q(-1).
149
Let c(v) = -v**2 + 2153*v + 133226. Give c(-61).
-1828
Let m(d) = -160*d - 2700. Give m(-21).
660
Let g(f) = -53429*f - 8281495. Calculate g(-155).
0
Let s(l) = -l**3 + 18*l**2 - 218*l + 1378. What is s(11)?
-173
Let r(n) = n**3 + 190*n**2 + 215*n + 4753. Calculate r(-189).
-161
Let c(u) = 10015*u - 150167. What is c(15)?
58
Let y(w) = 2453*w + 294368. Calculate y(-120).
8
Let t(u) = -8*u - 773. Give t(-101).
35
Let t(l) = l**3 + 34*l**2 + 11949*l + 35564. Give t(-3).
-4
Let q(u) = -4030*u + 801762. What is q(199)?
-208
Let b(i) = -27*i**2 - 821*i + 39. Calculate b(-31).
-457
Let s(p) = -p**2 - 486*p - 6381. What is s(-14)?
227
Let l(s) = -20704*s + 165664. Give l(8).
32
Let d(p) = 2*p**2 - 450*p - 405. Give d(226).
47
Let t(k) = 1362*k - 171630. What is t(126)?
-18
Let r(t) = -t**3 - 546*t**2 - 21603*t + 13209. Calculate r(-503).
131
Let i(f) = -40*f - 1278. What is i(0)?
-1278
Let c(s) = -1347*s + 77537. Give c(57).
758
Let j(h) = -180*h**3 + 717*h**2 - h + 14. Determine j(4).
-38
Let b(i) = -i**3 + 520*i**2 + 5324*i + 264. Give b(-10).
24
Let f(v) = -10*v**3 - 95*v**2 + 38*v + 339. Give f(-10).
459
Let k(q) = -951*q + 19156. Give k(19).
1087
Let f(x) = 632*x**2 + 9468*x - 184. Dete